[INFO] fetching crate google-kgsearch1-cli 1.0.4+20170109...
[INFO] checking google-kgsearch1-cli-1.0.4+20170109 against try#72f88fc4e9458f89516a0b8b0868f3718aec5b47 for pr-74989
[INFO] extracting crate google-kgsearch1-cli 1.0.4+20170109 into /workspace/builds/worker-12/source
[INFO] validating manifest of crates.io crate google-kgsearch1-cli 1.0.4+20170109 on toolchain 72f88fc4e9458f89516a0b8b0868f3718aec5b47
[INFO] running `Command { std: "/workspace/cargo-home/bin/cargo" "+72f88fc4e9458f89516a0b8b0868f3718aec5b47" "read-manifest" "--manifest-path" "Cargo.toml", kill_on_drop: false }`
[INFO] started tweaking crates.io crate google-kgsearch1-cli 1.0.4+20170109
[INFO] removed path dependency google-kgsearch1 from crates.io crate google-kgsearch1-cli 1.0.4+20170109
[INFO] finished tweaking crates.io crate google-kgsearch1-cli 1.0.4+20170109
[INFO] tweaked toml for crates.io crate google-kgsearch1-cli 1.0.4+20170109 written to /workspace/builds/worker-12/source/Cargo.toml
[INFO] running `Command { std: "/workspace/cargo-home/bin/cargo" "+72f88fc4e9458f89516a0b8b0868f3718aec5b47" "generate-lockfile" "--manifest-path" "Cargo.toml" "-Zno-index-update", kill_on_drop: false }`
[INFO] running `Command { std: "/workspace/cargo-home/bin/cargo" "+72f88fc4e9458f89516a0b8b0868f3718aec5b47" "fetch" "--locked" "--manifest-path" "Cargo.toml", kill_on_drop: false }`
[INFO] [stderr] warning: An explicit [[bin]] section is specified in Cargo.toml which currently
[INFO] [stderr] disables Cargo from automatically inferring other binary targets.
[INFO] [stderr] This inference behavior will change in the Rust 2018 edition and the following
[INFO] [stderr] files will be included as a binary target:
[INFO] [stderr] 
[INFO] [stderr] * /workspace/builds/worker-12/source/src/main.rs
[INFO] [stderr] 
[INFO] [stderr] This is likely to break cargo build or cargo test as these files may not be
[INFO] [stderr] ready to be compiled as a binary target today. You can future-proof yourself
[INFO] [stderr] and disable this warning by adding `autobins = false` to your [package]
[INFO] [stderr] section. You may also move the files to a location where Cargo would not
[INFO] [stderr] automatically infer them to be a target, such as in subfolders.
[INFO] [stderr] 
[INFO] [stderr] For more information on this warning you can consult
[INFO] [stderr] https://github.com/rust-lang/cargo/issues/5330
[INFO] [stderr] warning: path `/workspace/builds/worker-12/source/src/main.rs` was erroneously implicitly accepted for binary `kgsearch1`,
[INFO] [stderr] please set bin.path in Cargo.toml
[INFO] [stderr] warning: version requirement `1.0.4+20170109` for dependency `google-kgsearch1` includes semver metadata which will be ignored, removing the metadata is recommended to avoid confusion
[INFO] [stderr]     Blocking waiting for file lock on package cache
[INFO] [stderr]  Downloading crates ...
[INFO] [stderr]   Downloaded google-kgsearch1 v1.0.4+20151215
[INFO] running `Command { std: "docker" "create" "-v" "/var/lib/crater-agent-workspace/builds/worker-12/target:/opt/rustwide/target:rw,Z" "-v" "/var/lib/crater-agent-workspace/builds/worker-12/source:/opt/rustwide/workdir:ro,Z" "-v" "/var/lib/crater-agent-workspace/cargo-home:/opt/rustwide/cargo-home:ro,Z" "-v" "/var/lib/crater-agent-workspace/rustup-home:/opt/rustwide/rustup-home:ro,Z" "-e" "SOURCE_DIR=/opt/rustwide/workdir" "-e" "CARGO_TARGET_DIR=/opt/rustwide/target" "-e" "CARGO_HOME=/opt/rustwide/cargo-home" "-e" "RUSTUP_HOME=/opt/rustwide/rustup-home" "-w" "/opt/rustwide/workdir" "-m" "1610612736" "--user" "0:0" "--network" "none" "rustops/crates-build-env@sha256:d92eaeed33fa75130ca1ee6c8a01d1ffb62bac859dfdfb3450e3e5d1c0146529" "/opt/rustwide/cargo-home/bin/cargo" "+72f88fc4e9458f89516a0b8b0868f3718aec5b47" "metadata" "--no-deps" "--format-version=1", kill_on_drop: false }`
[INFO] [stdout] 5a72b689008558ea5167c9916c86e6141b16c82d83614711839b06239579759a
[INFO] [stderr] WARNING: Your kernel does not support swap limit capabilities or the cgroup is not mounted. Memory limited without swap.
[INFO] running `Command { std: "docker" "start" "-a" "5a72b689008558ea5167c9916c86e6141b16c82d83614711839b06239579759a", kill_on_drop: false }`
[INFO] running `Command { std: "docker" "inspect" "5a72b689008558ea5167c9916c86e6141b16c82d83614711839b06239579759a", kill_on_drop: false }`
[INFO] running `Command { std: "docker" "rm" "-f" "5a72b689008558ea5167c9916c86e6141b16c82d83614711839b06239579759a", kill_on_drop: false }`
[INFO] [stdout] 5a72b689008558ea5167c9916c86e6141b16c82d83614711839b06239579759a
[INFO] running `Command { std: "docker" "create" "-v" "/var/lib/crater-agent-workspace/builds/worker-12/target:/opt/rustwide/target:rw,Z" "-v" "/var/lib/crater-agent-workspace/builds/worker-12/source:/opt/rustwide/workdir:ro,Z" "-v" "/var/lib/crater-agent-workspace/cargo-home:/opt/rustwide/cargo-home:ro,Z" "-v" "/var/lib/crater-agent-workspace/rustup-home:/opt/rustwide/rustup-home:ro,Z" "-e" "SOURCE_DIR=/opt/rustwide/workdir" "-e" "CARGO_TARGET_DIR=/opt/rustwide/target" "-e" "CARGO_INCREMENTAL=0" "-e" "RUST_BACKTRACE=full" "-e" "RUSTFLAGS=--cap-lints=forbid" "-e" "CARGO_HOME=/opt/rustwide/cargo-home" "-e" "RUSTUP_HOME=/opt/rustwide/rustup-home" "-w" "/opt/rustwide/workdir" "-m" "1610612736" "--user" "0:0" "--network" "none" "rustops/crates-build-env@sha256:d92eaeed33fa75130ca1ee6c8a01d1ffb62bac859dfdfb3450e3e5d1c0146529" "/opt/rustwide/cargo-home/bin/cargo" "+72f88fc4e9458f89516a0b8b0868f3718aec5b47" "check" "--frozen" "--all" "--all-targets" "--message-format=json", kill_on_drop: false }`
[INFO] [stdout] 5acd2caa59964652876a5728add56212ed973a100cb225053f271332c6237731
[INFO] [stderr] WARNING: Your kernel does not support swap limit capabilities or the cgroup is not mounted. Memory limited without swap.
[INFO] running `Command { std: "docker" "start" "-a" "5acd2caa59964652876a5728add56212ed973a100cb225053f271332c6237731", kill_on_drop: false }`
[INFO] [stderr] warning: An explicit [[bin]] section is specified in Cargo.toml which currently
[INFO] [stderr] disables Cargo from automatically inferring other binary targets.
[INFO] [stderr] This inference behavior will change in the Rust 2018 edition and the following
[INFO] [stderr] files will be included as a binary target:
[INFO] [stderr] 
[INFO] [stderr] * /opt/rustwide/workdir/src/main.rs
[INFO] [stderr] 
[INFO] [stderr] This is likely to break cargo build or cargo test as these files may not be
[INFO] [stderr] ready to be compiled as a binary target today. You can future-proof yourself
[INFO] [stderr] and disable this warning by adding `autobins = false` to your [package]
[INFO] [stderr] section. You may also move the files to a location where Cargo would not
[INFO] [stderr] automatically infer them to be a target, such as in subfolders.
[INFO] [stderr] 
[INFO] [stderr] For more information on this warning you can consult
[INFO] [stderr] https://github.com/rust-lang/cargo/issues/5330
[INFO] [stderr] warning: path `/opt/rustwide/workdir/src/main.rs` was erroneously implicitly accepted for binary `kgsearch1`,
[INFO] [stderr] please set bin.path in Cargo.toml
[INFO] [stderr] warning: version requirement `1.0.4+20170109` for dependency `google-kgsearch1` includes semver metadata which will be ignored, removing the metadata is recommended to avoid confusion
[INFO] [stderr]    Compiling libc v0.2.77
[INFO] [stderr]    Compiling autocfg v1.0.1
[INFO] [stderr]    Compiling cc v1.0.59
[INFO] [stderr]     Checking cfg-if v0.1.10
[INFO] [stderr]    Compiling log v0.4.11
[INFO] [stderr]     Checking lazy_static v1.4.0
[INFO] [stderr]     Checking matches v0.1.8
[INFO] [stderr]    Compiling byteorder v1.3.4
[INFO] [stderr]    Compiling pkg-config v0.3.18
[INFO] [stderr]     Checking tinyvec v0.3.4
[INFO] [stderr]    Compiling version_check v0.1.5
[INFO] [stderr]     Checking safemem v0.3.3
[INFO] [stderr]    Compiling httparse v1.3.4
[INFO] [stderr]    Compiling bitflags v1.2.1
[INFO] [stderr]     Checking percent-encoding v1.0.1
[INFO] [stderr]    Compiling proc-macro2 v1.0.21
[INFO] [stderr]     Checking traitobject v0.1.0
[INFO] [stderr]    Compiling unicode-xid v0.2.1
[INFO] [stderr]     Checking typeable v0.1.2
[INFO] [stderr]    Compiling openssl v0.10.30
[INFO] [stderr]     Checking untrusted v0.6.2
[INFO] [stderr]     Checking foreign-types-shared v0.1.1
[INFO] [stderr]     Checking language-tags v0.2.2
[INFO] [stderr]    Compiling ryu v1.0.5
[INFO] [stderr]    Compiling unicode-xid v0.0.4
[INFO] [stderr]    Compiling native-tls v0.2.4
[INFO] [stderr]    Compiling syn v1.0.40
[INFO] [stderr]    Compiling serde v1.0.116
[INFO] [stderr]    Compiling serde_derive v1.0.116
[INFO] [stderr]     Checking openssl-probe v0.1.2
[INFO] [stderr]    Compiling quote v0.3.15
[INFO] [stderr]    Compiling serde_json v1.0.57
[INFO] [stderr]     Checking either v1.6.0
[INFO] [stderr]     Checking antidote v1.0.0
[INFO] [stderr]     Checking itoa v0.4.6
[INFO] [stderr]     Checking unicode-bidi v0.3.4
[INFO] [stderr]     Checking unicode-bidi v0.2.6
[INFO] [stderr]     Checking foreign-types v0.3.2
[INFO] [stderr]    Compiling synom v0.11.3
[INFO] [stderr]     Checking unicode-normalization v0.1.13
[INFO] [stderr]     Checking itertools v0.8.2
[INFO] [stderr]    Compiling unicase v1.4.2
[INFO] [stderr]    Compiling syn v0.11.11
[INFO] [stderr]    Compiling num-traits v0.2.12
[INFO] [stderr]    Compiling num-integer v0.1.43
[INFO] [stderr]     Checking log v0.3.9
[INFO] [stderr]     Checking mime v0.2.6
[INFO] [stderr]     Checking base64 v0.9.3
[INFO] [stderr]     Checking base64 v0.10.1
[INFO] [stderr]    Compiling quote v1.0.7
[INFO] [stderr]    Compiling openssl-sys v0.9.58
[INFO] [stderr]    Compiling ring v0.13.5
[INFO] [stderr]     Checking time v0.1.44
[INFO] [stderr]     Checking num_cpus v1.13.0
[INFO] [stderr]     Checking rand v0.4.6
[INFO] [stderr]     Checking atty v0.2.14
[INFO] [stderr]     Checking clap v2.33.3
[INFO] [stderr]     Checking idna v0.1.5
[INFO] [stderr]    Compiling serde_codegen_internals v0.14.2
[INFO] [stderr]     Checking url v1.7.2
[INFO] [stderr]     Checking rand v0.3.23
[INFO] [stderr]     Checking uuid v0.2.3
[INFO] [stderr]     Checking num-traits v0.1.43
[INFO] [stderr]     Checking serde_json v0.9.10
[INFO] [stderr]     Checking webpki v0.18.1
[INFO] [stderr]     Checking sct v0.4.0
[INFO] [stderr]     Checking url v0.5.10
[INFO] [stderr]    Compiling serde_derive v0.9.15
[INFO] [stderr]     Checking chrono v0.4.15
[INFO] [stderr]     Checking webpki-roots v0.15.0
[INFO] [stderr]     Checking rustls v0.13.1
[INFO] [stderr]     Checking hyper v0.10.16
[INFO] [stderr]     Checking hyper-rustls v0.6.2
[INFO] [stderr]     Checking yup-hyper-mock v2.0.0
[INFO] [stderr]     Checking hyper-native-tls v0.3.0
[INFO] [stderr]     Checking yup-oauth2 v1.0.12
[INFO] [stderr]     Checking google-kgsearch1 v1.0.4+20151215
[INFO] [stderr]     Checking google-kgsearch1-cli v1.0.4+20170109 (/opt/rustwide/workdir)
[INFO] [stdout] warning: use of deprecated macro `try`: use the `?` operator instead
[INFO] [stdout]    --> src/cmn.rs:640:13
[INFO] [stdout]     |
[INFO] [stdout] 640 |             try!(issue.fmt(f));
[INFO] [stdout]     |             ^^^
[INFO] [stdout]     |
[INFO] [stdout]     = note: `#[warn(deprecated)]` on by default
[INFO] [stdout] 
[INFO] [stdout] 
[INFO] [stdout] warning: trait objects without an explicit `dyn` are deprecated
[INFO] [stdout]    --> src/cmn.rs:373:58
[INFO] [stdout]     |
[INFO] [stdout] 373 | pub fn writer_from_opts(arg: Option<&str>) -> Result<Box<Write>, io::Error> {
[INFO] [stdout]     |                                                          ^^^^^ help: use `dyn`: `dyn Write`
[INFO] [stdout]     |
[INFO] [stdout]     = note: `#[warn(bare_trait_objects)]` on by default
[INFO] [stdout] 
[INFO] [stdout] 
[INFO] [stdout] warning: use of deprecated macro `try`: use the `?` operator instead
[INFO] [stdout]    --> src/cmn.rs:640:13
[INFO] [stdout]     |
[INFO] [stdout] 640 |             try!(issue.fmt(f));
[INFO] [stdout]     |             ^^^
[INFO] [stdout]     |
[INFO] [stdout]     = note: `#[warn(deprecated)]` on by default
[INFO] [stdout] 
[INFO] [stdout] 
[INFO] [stdout] warning: trait objects without an explicit `dyn` are deprecated
[INFO] [stdout]    --> src/cmn.rs:373:58
[INFO] [stdout]     |
[INFO] [stdout] 373 | pub fn writer_from_opts(arg: Option<&str>) -> Result<Box<Write>, io::Error> {
[INFO] [stdout]     |                                                          ^^^^^ help: use `dyn`: `dyn Write`
[INFO] [stdout]     |
[INFO] [stdout]     = note: `#[warn(bare_trait_objects)]` on by default
[INFO] [stdout] 
[INFO] [stdout] 
[INFO] [stdout] error[E0277]: the trait bound `Token: Serialize` is not satisfied
[INFO] [stdout]     --> src/cmn.rs:456:62
[INFO] [stdout]      |
[INFO] [stdout] 456  |                         match json::to_writer_pretty(&mut f, &token) {
[INFO] [stdout]      |                                                              ^^^^^^ the trait `Serialize` is not implemented for `Token`
[INFO] [stdout]      | 
[INFO] [stdout]     ::: /opt/rustwide/cargo-home/registry/src/github.com-1ecc6299db9ec823/serde_json-0.9.10/src/ser.rs:1338:14
[INFO] [stdout]      |
[INFO] [stdout] 1338 |           T: ser::Serialize,
[INFO] [stdout]      |              -------------- required by this bound in `to_writer_pretty`
[INFO] [stdout] 
[INFO] [stdout] 
[INFO] [stdout] error[E0277]: the trait bound `Token: Deserialize` is not satisfied
[INFO] [stdout]     --> src/cmn.rs:470:23
[INFO] [stdout]      |
[INFO] [stdout] 470  |                 match json::de::from_reader(f) {
[INFO] [stdout]      |                       ^^^^^^^^^^^^^^^^^^^^^ the trait `Deserialize` is not implemented for `Token`
[INFO] [stdout]      | 
[INFO] [stdout]     ::: /opt/rustwide/cargo-home/registry/src/github.com-1ecc6299db9ec823/serde_json-0.9.10/src/de.rs:1058:14
[INFO] [stdout]      |
[INFO] [stdout] 1058 |           T: de::Deserialize,
[INFO] [stdout]      |              --------------- required by this bound in `from_reader`
[INFO] [stdout] 
[INFO] [stdout] 
[INFO] [stdout] error[E0277]: the trait bound `ConsoleApplicationSecret: Deserialize` is not satisfied
[INFO] [stdout]     --> src/cmn.rs:714:47
[INFO] [stdout]      |
[INFO] [stdout] 714  | ...                   = json::from_str(json_console_secret).unwrap();
[INFO] [stdout]      |                         ^^^^^^^^^^^^^^ the trait `Deserialize` is not implemented for `ConsoleApplicationSecret`
[INFO] [stdout]      | 
[INFO] [stdout]     ::: /opt/rustwide/cargo-home/registry/src/github.com-1ecc6299db9ec823/serde_json-0.9.10/src/de.rs:1088:14
[INFO] [stdout]      |
[INFO] [stdout] 1088 |     where T: de::Deserialize,
[INFO] [stdout]      |              --------------- required by this bound in `serde_json::from_str`
[INFO] [stdout] 
[INFO] [stdout] 
[INFO] [stdout] error[E0277]: the trait bound `ConsoleApplicationSecret: Serialize` is not satisfied
[INFO] [stdout]     --> src/cmn.rs:715:66
[INFO] [stdout]      |
[INFO] [stdout] 715  | ...                   match json::to_writer_pretty(&mut f, &console_secret) {
[INFO] [stdout]      |                                                            ^^^^^^^^^^^^^^^ the trait `Serialize` is not implemented for `ConsoleApplicationSecret`
[INFO] [stdout]      | 
[INFO] [stdout]     ::: /opt/rustwide/cargo-home/registry/src/github.com-1ecc6299db9ec823/serde_json-0.9.10/src/ser.rs:1338:14
[INFO] [stdout]      |
[INFO] [stdout] 1338 |           T: ser::Serialize,
[INFO] [stdout]      |              -------------- required by this bound in `to_writer_pretty`
[INFO] [stdout] 
[INFO] [stdout] 
[INFO] [stdout] error[E0277]: the trait bound `ConsoleApplicationSecret: Deserialize` is not satisfied
[INFO] [stdout]     --> src/cmn.rs:726:23
[INFO] [stdout]      |
[INFO] [stdout] 726  |                 match json::de::from_reader::<_, ConsoleApplicationSecret>(f) {
[INFO] [stdout]      |                       ^^^^^^^^^^^^^^^^^^^^^^^^^^^^^^^^^^^^^^^^^^^^^^^^^^^^ the trait `Deserialize` is not implemented for `ConsoleApplicationSecret`
[INFO] [stdout]      | 
[INFO] [stdout]     ::: /opt/rustwide/cargo-home/registry/src/github.com-1ecc6299db9ec823/serde_json-0.9.10/src/de.rs:1058:14
[INFO] [stdout]      |
[INFO] [stdout] 1058 |           T: de::Deserialize,
[INFO] [stdout]      |              --------------- required by this bound in `from_reader`
[INFO] [stdout] 
[INFO] [stdout] 
[INFO] [stdout] error: aborting due to 5 previous errors; 2 warnings emitted
[INFO] [stdout] 
[INFO] [stdout] 
[INFO] [stdout] For more information about this error, try `rustc --explain E0277`.
[INFO] [stdout] 
[INFO] [stderr] error: could not compile `google-kgsearch1-cli`.
[INFO] [stderr] 
[INFO] [stderr] To learn more, run the command again with --verbose.
[INFO] [stderr] warning: build failed, waiting for other jobs to finish...
[INFO] [stdout] error[E0277]: the trait bound `Token: Serialize` is not satisfied
[INFO] [stdout]     --> src/cmn.rs:456:62
[INFO] [stdout]      |
[INFO] [stdout] 456  |                         match json::to_writer_pretty(&mut f, &token) {
[INFO] [stdout]      |                                                              ^^^^^^ the trait `Serialize` is not implemented for `Token`
[INFO] [stdout]      | 
[INFO] [stdout]     ::: /opt/rustwide/cargo-home/registry/src/github.com-1ecc6299db9ec823/serde_json-0.9.10/src/ser.rs:1338:14
[INFO] [stdout]      |
[INFO] [stdout] 1338 |           T: ser::Serialize,
[INFO] [stdout]      |              -------------- required by this bound in `to_writer_pretty`
[INFO] [stdout] 
[INFO] [stdout] 
[INFO] [stdout] error[E0277]: the trait bound `Token: Deserialize` is not satisfied
[INFO] [stdout]     --> src/cmn.rs:470:23
[INFO] [stdout]      |
[INFO] [stdout] 470  |                 match json::de::from_reader(f) {
[INFO] [stdout]      |                       ^^^^^^^^^^^^^^^^^^^^^ the trait `Deserialize` is not implemented for `Token`
[INFO] [stdout]      | 
[INFO] [stdout]     ::: /opt/rustwide/cargo-home/registry/src/github.com-1ecc6299db9ec823/serde_json-0.9.10/src/de.rs:1058:14
[INFO] [stdout]      |
[INFO] [stdout] 1058 |           T: de::Deserialize,
[INFO] [stdout]      |              --------------- required by this bound in `from_reader`
[INFO] [stdout] 
[INFO] [stdout] 
[INFO] [stdout] error[E0277]: the trait bound `ConsoleApplicationSecret: Deserialize` is not satisfied
[INFO] [stdout]     --> src/cmn.rs:714:47
[INFO] [stdout]      |
[INFO] [stdout] 714  | ...                   = json::from_str(json_console_secret).unwrap();
[INFO] [stdout]      |                         ^^^^^^^^^^^^^^ the trait `Deserialize` is not implemented for `ConsoleApplicationSecret`
[INFO] [stdout]      | 
[INFO] [stdout]     ::: /opt/rustwide/cargo-home/registry/src/github.com-1ecc6299db9ec823/serde_json-0.9.10/src/de.rs:1088:14
[INFO] [stdout]      |
[INFO] [stdout] 1088 |     where T: de::Deserialize,
[INFO] [stdout]      |              --------------- required by this bound in `serde_json::from_str`
[INFO] [stdout] 
[INFO] [stdout] 
[INFO] [stdout] error[E0277]: the trait bound `ConsoleApplicationSecret: Serialize` is not satisfied
[INFO] [stdout]     --> src/cmn.rs:715:66
[INFO] [stdout]      |
[INFO] [stdout] 715  | ...                   match json::to_writer_pretty(&mut f, &console_secret) {
[INFO] [stdout]      |                                                            ^^^^^^^^^^^^^^^ the trait `Serialize` is not implemented for `ConsoleApplicationSecret`
[INFO] [stdout]      | 
[INFO] [stdout]     ::: /opt/rustwide/cargo-home/registry/src/github.com-1ecc6299db9ec823/serde_json-0.9.10/src/ser.rs:1338:14
[INFO] [stdout]      |
[INFO] [stdout] 1338 |           T: ser::Serialize,
[INFO] [stdout]      |              -------------- required by this bound in `to_writer_pretty`
[INFO] [stdout] 
[INFO] [stdout] 
[INFO] [stdout] error[E0277]: the trait bound `ConsoleApplicationSecret: Deserialize` is not satisfied
[INFO] [stdout]     --> src/cmn.rs:726:23
[INFO] [stdout]      |
[INFO] [stdout] 726  |                 match json::de::from_reader::<_, ConsoleApplicationSecret>(f) {
[INFO] [stdout]      |                       ^^^^^^^^^^^^^^^^^^^^^^^^^^^^^^^^^^^^^^^^^^^^^^^^^^^^ the trait `Deserialize` is not implemented for `ConsoleApplicationSecret`
[INFO] [stdout]      | 
[INFO] [stdout]     ::: /opt/rustwide/cargo-home/registry/src/github.com-1ecc6299db9ec823/serde_json-0.9.10/src/de.rs:1058:14
[INFO] [stdout]      |
[INFO] [stdout] 1058 |           T: de::Deserialize,
[INFO] [stdout]      |              --------------- required by this bound in `from_reader`
[INFO] [stdout] 
[INFO] [stdout] 
[INFO] [stdout] error: aborting due to 5 previous errors; 2 warnings emitted
[INFO] [stdout] 
[INFO] [stdout] 
[INFO] [stdout] For more information about this error, try `rustc --explain E0277`.
[INFO] [stdout] 
[INFO] [stderr] error: build failed
[INFO] running `Command { std: "docker" "inspect" "5acd2caa59964652876a5728add56212ed973a100cb225053f271332c6237731", kill_on_drop: false }`
[INFO] running `Command { std: "docker" "rm" "-f" "5acd2caa59964652876a5728add56212ed973a100cb225053f271332c6237731", kill_on_drop: false }`
[INFO] [stdout] 5acd2caa59964652876a5728add56212ed973a100cb225053f271332c6237731
